{"id":930,"date":"2018-05-26T15:40:43","date_gmt":"2018-05-26T13:40:43","guid":{"rendered":"https:\/\/www.zenetqi.fr\/?page_id=930"},"modified":"2022-01-19T16:51:22","modified_gmt":"2022-01-19T15:51:22","slug":"liens-amis","status":"publish","type":"page","link":"https:\/\/www.zenetqi.fr\/index.php\/liens-amis\/","title":{"rendered":"Liens amis"},"content":{"rendered":"<hr>\n<hr>\n<p><strong>\u00c9ditions le Souffle d&rsquo;Or<\/strong><\/p>\n<p><a href=\"http:\/\/www.souffledor.fr\">http:\/\/www.souffledor.fr<\/a><\/p>\n<p><i>Un site d&rsquo;actualit\u00e9 chaleureux, o\u00f9 sont s\u00e9lectionn\u00e9s les meilleurs CD,<br>jeux et livres sur le d\u00e9veloppement personnel, sant\u00e9, soci\u00e9t\u00e9&#8230;<br>On peut y commander tous nos CD.<br>Depuis 1983, Yves Michel a su conserver son statut d&rsquo;\u00e9diteur ind\u00e9pendant, avec un soucis d&rsquo;int\u00e9grit\u00e9 partag\u00e9 par toute son \u00e9quipe.<\/i><\/p>\n\n\n<p><\/p>\n\n\n\n<p><\/p>\n\n\n\n<p><strong>Flo des Arbres<\/strong><\/p>\n\n\n\n<p><a href=\"https:\/\/flodesarbres.wixsite.com\/flodesarbres\">https:\/\/flodesarbres.wixsite.com\/flodesarbres<\/a><\/p>\n\n\n\n<p>Pour tout savoir sur les mondes sensibles de la Nature, sur les Fleures de Bach et sur l&rsquo;EFT. Comment se reconnecter \u00e0 ses propres ressources : Florence propose des s\u00e9ances individuelles ou collectives, et des s\u00e9minaires d&rsquo;immersion dans la nature. Au menu figure aussi l&rsquo;harmonisation des espaces.<\/p>\n\n\n\n<p><\/p>\n\n\n\n<p><\/p>\n\n\n\n<p><strong>Celestia Mineral : Eric Gallet<\/strong><\/p>\n\n\n\n<p><a href=\"https:\/\/www.celestiamineral.com\">https:\/\/www.celestiamineral.com<\/a><\/p>\n\n\n\n<p>Les plus belles pierres au meilleur prix, avec en plus toute la gentillesse et le professionnalisme d&rsquo;un passionn\u00e9 ! Eric Gallet vous renseigne et vous conseille sur tout ce qui concerne le r\u00e8gne min\u00e9ral. <\/p>\n\n\n\n<p><\/p>\n\n\n\n<p><\/p>\n\n\n\n<p><strong>G\u00e9raldine Gilbert<\/strong><\/p>\n\n\n\n<p><a href=\"https:\/\/geraldine-gilbert.fr\/\">https:\/\/geraldine-gilbert.fr\/<\/a><\/p>\n\n\n\n<p>Comment l&rsquo;hypnose peut aider \u00e0 d\u00e9passer des difficult\u00e9s de vie, choisir une nouvelle orientation ou simplement acc\u00e9der au bien-\u00eatre. Pour tout probl\u00e8mes d&rsquo;orientation scolaire, les s\u00e9ances aident les ados et enfants \u00e0 se sentir mieux dans ses baskets et \u00e0 mieux g\u00e9rer son stress aux examens. L&rsquo;EMDR et l&rsquo;EFT sont aussi des outils potentiellement efficaces pour les adultes et les enfants.<\/p>\n","protected":false},"excerpt":{"rendered":"<p>\u00c9ditions le Souffle d&rsquo;Or http:\/\/www.souffledor.fr Un site d&rsquo;actualit\u00e9 chaleureux, o\u00f9 sont s\u00e9lectionn\u00e9s les meilleurs CD,jeux et livres sur le d\u00e9veloppement personnel, sant\u00e9, soci\u00e9t\u00e9&#8230;On peut y commander tous nos CD.Depuis 1983, Yves Michel a su conserver son statut d&rsquo;\u00e9diteur ind\u00e9pendant, avec un soucis d&rsquo;int\u00e9grit\u00e9 partag\u00e9 par toute son \u00e9quipe. Flo des Arbres https:\/\/flodesarbres.wixsite.com\/flodesarbres Pour tout savoir [&hellip;]<\/p>\n","protected":false},"author":1,"featured_media":0,"parent":0,"menu_order":0,"comment_status":"closed","ping_status":"closed","template":"","meta":{"_et_pb_use_builder":"off","_et_pb_old_content":"<hr>\n<hr>\n<p><strong>\u00c9ditions le Souffle d'Or<\/strong><\/p>\n<p><a href=\"http:\/\/www.souffledor.fr\">http:\/\/www.souffledor.fr<\/a><\/p>\n<p><i>Un site d'actualit\u00e9 chaleureux, o\u00f9 sont s\u00e9lectionn\u00e9s les meilleurs CD,<br>jeux et livres sur le d\u00e9veloppement personnel, sant\u00e9, soci\u00e9t\u00e9...<br>On peut y commander tous nos CD.<br>Depuis 1983, Yves Michel a su conserver son statut d'\u00e9diteur ind\u00e9pendant, avec un soucis d'int\u00e9grit\u00e9 partag\u00e9 par toute son \u00e9quipe.<\/i><\/p>\n\n<!-- wp:paragraph -->\n<p><\/p>\n<!-- \/wp:paragraph -->\n\n<!-- wp:paragraph -->\n<p><\/p>\n<!-- \/wp:paragraph -->\n\n<!-- wp:paragraph -->\n<p><strong>Flo des Arbres<\/strong><\/p>\n<!-- \/wp:paragraph -->\n\n<!-- wp:paragraph -->\n<p><a href=\"https:\/\/flodesarbres.wixsite.com\/flodesarbres\">https:\/\/flodesarbres.wixsite.com\/flodesarbres<\/a><\/p>\n<!-- \/wp:paragraph -->\n\n<!-- wp:paragraph -->\n<p>Pour tout savoir sur les mondes sensibles de la Nature, sur les Fleures de Bach et sur l'EFT. Comment se reconnecter \u00e0 ses propres ressources : Florence propose des s\u00e9ances individuelles ou collectives, et des s\u00e9minaires d'immersion dans la nature. Au menu figure aussi l'harmonisation des espaces.<\/p>\n<!-- \/wp:paragraph -->\n\n<!-- wp:paragraph -->\n<p><\/p>\n<!-- \/wp:paragraph -->\n\n<!-- wp:paragraph -->\n<p><\/p>\n<!-- \/wp:paragraph -->\n\n<!-- wp:paragraph -->\n<p><strong>Celestia Mineral : Eric Gallet<\/strong><\/p>\n<!-- \/wp:paragraph -->\n\n<!-- wp:paragraph -->\n<p><a href=\"https:\/\/www.celestiamineral.com\">https:\/\/www.celestiamineral.com<\/a><\/p>\n<!-- \/wp:paragraph -->\n\n<!-- wp:paragraph -->\n<p>Les plus belles pierres au meilleur prix, avec en plus toute la gentillesse et le professionnalisme d'un passionn\u00e9 ! Eric Gallet vous renseigne et vous conseille sur tout ce qui concerne le r\u00e8gne min\u00e9ral. <\/p>\n<!-- \/wp:paragraph -->\n\n<!-- wp:paragraph -->\n<p><\/p>\n<!-- \/wp:paragraph -->\n\n<!-- wp:paragraph -->\n<p><strong>G\u00e9raldine Gilbert<\/strong><\/p>\n<!-- \/wp:paragraph -->\n\n<!-- wp:paragraph -->\n<p><\/p>\n<!-- \/wp:paragraph -->\n\n<!-- wp:embed {\"url\":\"https:\/\/geraldine-gilbert.fr\/\",\"type\":\"wp-embed\",\"providerNameSlug\":\"geraldine-gilbert\"} -->\n<figure class=\"wp-block-embed is-type-wp-embed is-provider-geraldine-gilbert wp-block-embed-geraldine-gilbert\"><div class=\"wp-block-embed__wrapper\">\nhttps:\/\/geraldine-gilbert.fr\/\n<\/div><\/figure>\n<!-- \/wp:embed -->","_et_gb_content_width":"","footnotes":""},"class_list":["post-930","page","type-page","status-publish","hentry"],"_links":{"self":[{"href":"https:\/\/www.zenetqi.fr\/index.php\/wp-json\/wp\/v2\/pages\/930","targetHints":{"allow":["GET"]}}],"collection":[{"href":"https:\/\/www.zenetqi.fr\/index.php\/wp-json\/wp\/v2\/pages"}],"about":[{"href":"https:\/\/www.zenetqi.fr\/index.php\/wp-json\/wp\/v2\/types\/page"}],"author":[{"embeddable":true,"href":"https:\/\/www.zenetqi.fr\/index.php\/wp-json\/wp\/v2\/users\/1"}],"replies":[{"embeddable":true,"href":"https:\/\/www.zenetqi.fr\/index.php\/wp-json\/wp\/v2\/comments?post=930"}],"version-history":[{"count":8,"href":"https:\/\/www.zenetqi.fr\/index.php\/wp-json\/wp\/v2\/pages\/930\/revisions"}],"predecessor-version":[{"id":2297,"href":"https:\/\/www.zenetqi.fr\/index.php\/wp-json\/wp\/v2\/pages\/930\/revisions\/2297"}],"wp:attachment":[{"href":"https:\/\/www.zenetqi.fr\/index.php\/wp-json\/wp\/v2\/media?parent=930"}],"curies":[{"name":"wp","href":"https:\/\/api.w.org\/{rel}","templated":true}]}}