{"id":2600,"date":"2023-01-25T16:51:18","date_gmt":"2023-01-25T15:51:18","guid":{"rendered":"https:\/\/www.zenetqi.fr\/?page_id=2600"},"modified":"2023-01-25T16:51:33","modified_gmt":"2023-01-25T15:51:33","slug":"stages-de-yoga","status":"publish","type":"page","link":"https:\/\/www.zenetqi.fr\/index.php\/stages-de-yoga\/","title":{"rendered":"Stages de yoga"},"content":{"rendered":"<p>[et_pb_section fb_built=\u00a0\u00bb1&Prime; _builder_version=\u00a0\u00bb4.16&Prime; global_colors_info=\u00a0\u00bb{}\u00a0\u00bb theme_builder_area=\u00a0\u00bbpost_content\u00a0\u00bb][et_pb_row _builder_version=\u00a0\u00bb4.16&Prime; background_size=\u00a0\u00bbinitial\u00a0\u00bb background_position=\u00a0\u00bbtop_left\u00a0\u00bb background_repeat=\u00a0\u00bbrepeat\u00a0\u00bb global_colors_info=\u00a0\u00bb{}\u00a0\u00bb theme_builder_area=\u00a0\u00bbpost_content\u00a0\u00bb][et_pb_column type=\u00a0\u00bb4_4&Prime; _builder_version=\u00a0\u00bb4.16&Prime; custom_padding=\u00a0\u00bb|||\u00a0\u00bb global_colors_info=\u00a0\u00bb{}\u00a0\u00bb custom_padding__hover=\u00a0\u00bb|||\u00a0\u00bb theme_builder_area=\u00a0\u00bbpost_content\u00a0\u00bb][et_pb_text _builder_version=\u00a0\u00bb4.16&Prime; background_size=\u00a0\u00bbinitial\u00a0\u00bb background_position=\u00a0\u00bbtop_left\u00a0\u00bb background_repeat=\u00a0\u00bbrepeat\u00a0\u00bb global_colors_info=\u00a0\u00bb{}\u00a0\u00bb theme_builder_area=\u00a0\u00bbpost_content\u00a0\u00bb]<!-- divi:paragraph --><\/p>\n<h3><strong>Le 22 avril 2023 :<\/strong><\/h3>\n<p>&nbsp;<\/p>\n<p>Les \u00e9nergies de Printemps et comment les apprivoiser avec les outils des yogas tib\u00e9tain et hatha, la m\u00e9ditation, les cristaux, le massage au bol kansu, l\u2019arbre \u00e0 v\u0153ux.<\/p>\n<p>&nbsp;<\/p>\n<p><!-- \/divi:paragraph --><!-- divi:paragraph --><!-- \/divi:paragraph --><!-- divi:paragraph --><\/p>\n<p>Une journ\u00e9e riche en pratiques autour de deux approches de yogas\u00a0: le yoga tib\u00e9tain et le viny yoga.<br \/>Au menu de cette journ\u00e9e\u00a0: des pratiques de ces 2 yogas, une initiation au massage avec le bol kansu en bin\u00f4me, p\u00e9dagogie de la m\u00e9ditation, m\u00e9ditation.<br \/>Puis pause d\u00e9jeuner et sieste m\u00e9ditative, initiation \u00e0 la lithoth\u00e9rapie, soin avec la lithoth\u00e9rapie,<\/p>\n<p>Cl\u00f4ture de la journ\u00e9e avec un arbre \u00e0 v\u0153ux ou un voyage au tambour.<\/p>\n<p>\u00a0Horaires : de 9h30 \u00e0 18h<br \/>Participation : 90\u20ac<br \/>Contact Patricia Ducamp : 06 31 07 09 44\u00a0 \u00a0 http:\/\/www.patriciaducamp.fr\/\u00a0\u00a0\u00a0 <br \/>Emmanuel Desjeux : 06 28 07 54 60<br \/>Lieux : centre Zen et Qi 22, all\u00e9e du Cerny 44850 le Cellier<\/p>\n<p>&nbsp;<\/p>\n<p>&nbsp;<\/p>\n<p><em>L&rsquo;inscription est valid\u00e9e d\u00e8s r\u00e9ception d&rsquo;un acompte de 40 \u20ac par ch\u00e8que \u00e0 l&rsquo;ordre de \u00ab\u00a0Association Zen et Qi\u00a0\u00bb.<br \/>Le solde sera vers\u00e9 par le stagiaire en d\u00e9but de stage.<br \/>Adresse : Association Zen et Qi 22, all\u00e9e du Cerny, 44850 Le Cellier.<\/em><\/p>\n<p><!-- \/divi:paragraph --><!-- divi:paragraph --><\/p>\n<p><strong><em>\u00a0<\/em><\/strong><\/p>\n<p><!-- \/divi:paragraph -->[\/et_pb_text][\/et_pb_column][\/et_pb_row][\/et_pb_section]<\/p>\n","protected":false},"excerpt":{"rendered":"<p>Le 22 avril 2023 : &nbsp; Les \u00e9nergies de Printemps et comment les apprivoiser avec les outils des yogas tib\u00e9tain et hatha, la m\u00e9ditation, les cristaux, le massage au bol kansu, l\u2019arbre \u00e0 v\u0153ux. &nbsp; Une journ\u00e9e riche en pratiques autour de deux approches de yogas\u00a0: le yoga tib\u00e9tain et le viny yoga.Au menu de [&hellip;]<\/p>\n","protected":false},"author":1,"featured_media":2032,"parent":0,"menu_order":0,"comment_status":"closed","ping_status":"closed","template":"","meta":{"_et_pb_use_builder":"on","_et_pb_old_content":"","_et_gb_content_width":"","footnotes":""},"class_list":["post-2600","page","type-page","status-publish","has-post-thumbnail","hentry"],"_links":{"self":[{"href":"https:\/\/www.zenetqi.fr\/index.php\/wp-json\/wp\/v2\/pages\/2600","targetHints":{"allow":["GET"]}}],"collection":[{"href":"https:\/\/www.zenetqi.fr\/index.php\/wp-json\/wp\/v2\/pages"}],"about":[{"href":"https:\/\/www.zenetqi.fr\/index.php\/wp-json\/wp\/v2\/types\/page"}],"author":[{"embeddable":true,"href":"https:\/\/www.zenetqi.fr\/index.php\/wp-json\/wp\/v2\/users\/1"}],"replies":[{"embeddable":true,"href":"https:\/\/www.zenetqi.fr\/index.php\/wp-json\/wp\/v2\/comments?post=2600"}],"version-history":[{"count":2,"href":"https:\/\/www.zenetqi.fr\/index.php\/wp-json\/wp\/v2\/pages\/2600\/revisions"}],"predecessor-version":[{"id":2603,"href":"https:\/\/www.zenetqi.fr\/index.php\/wp-json\/wp\/v2\/pages\/2600\/revisions\/2603"}],"wp:featuredmedia":[{"embeddable":true,"href":"https:\/\/www.zenetqi.fr\/index.php\/wp-json\/wp\/v2\/media\/2032"}],"wp:attachment":[{"href":"https:\/\/www.zenetqi.fr\/index.php\/wp-json\/wp\/v2\/media?parent=2600"}],"curies":[{"name":"wp","href":"https:\/\/api.w.org\/{rel}","templated":true}]}}

<p>[et_pb_section fb_built= »1&Prime; _builder_version= »4.16&Prime; global_colors_info= »{} » theme_builder_area= »post_content »][et_pb_row _builder_version= »4.16&Prime; background_size= »initial » background_position= »top_left » background_repeat= »repeat » global_colors_info= »{} » theme_builder_area= »post_content »][et_pb_column type= »4_4&Prime; _builder_version= »4.16&Prime; custom_padding= »||| » global_colors_info= »{} » custom_padding__hover= »||| » theme_builder_area= »post_content »][et_pb_text _builder_version= »4.16&Prime; background_size= »initial » background_position= »top_left » background_repeat= »repeat » global_colors_info= »{} » theme_builder_area= »post_content »]<!-- divi:paragraph --></p>
<h3><strong>Le 22 avril 2023 :</strong></h3>
<p>&nbsp;</p>
<p>Les énergies de Printemps et comment les apprivoiser avec les outils des yogas tibétain et hatha, la méditation, les cristaux, le massage au bol kansu, l’arbre à vœux.</p>
<p>&nbsp;</p>
<p><!-- /divi:paragraph --><!-- divi:paragraph --><!-- /divi:paragraph --><!-- divi:paragraph --></p>
<p>Une journée riche en pratiques autour de deux approches de yogas : le yoga tibétain et le viny yoga.<br />Au menu de cette journée : des pratiques de ces 2 yogas, une initiation au massage avec le bol kansu en binôme, pédagogie de la méditation, méditation.<br />Puis pause déjeuner et sieste méditative, initiation à la lithothérapie, soin avec la lithothérapie,</p>
<p>Clôture de la journée avec un arbre à vœux ou un voyage au tambour.</p>
<p> Horaires : de 9h30 à 18h<br />Participation : 90€<br />Contact Patricia Ducamp : 06 31 07 09 44    http://www.patriciaducamp.fr/    <br />Emmanuel Desjeux : 06 28 07 54 60<br />Lieux : centre Zen et Qi 22, allée du Cerny 44850 le Cellier</p>
<p>&nbsp;</p>
<p>&nbsp;</p>
<p><em>L&rsquo;inscription est validée dès réception d&rsquo;un acompte de 40 € par chèque à l&rsquo;ordre de « Association Zen et Qi ».<br />Le solde sera versé par le stagiaire en début de stage.<br />Adresse : Association Zen et Qi 22, allée du Cerny, 44850 Le Cellier.</em></p>
<p><!-- /divi:paragraph --><!-- divi:paragraph --></p>
<p><strong><em> </em></strong></p>
<p><!-- /divi:paragraph -->[/et_pb_text][/et_pb_column][/et_pb_row][/et_pb_section]</p>

<p>Le 22 avril 2023 : &nbsp; Les énergies de Printemps et comment les apprivoiser avec les outils des yogas tibétain et hatha, la méditation, les cristaux, le massage au bol kansu, l’arbre à vœux. &nbsp; Une journée riche en pratiques autour de deux approches de yogas : le yoga tibétain et le viny yoga.Au menu de [&hellip;]</p>
