{"id":1324,"date":"2019-09-11T21:54:17","date_gmt":"2019-09-11T19:54:17","guid":{"rendered":"https:\/\/www.zenetqi.fr\/?page_id=1324"},"modified":"2025-08-25T17:49:21","modified_gmt":"2025-08-25T15:49:21","slug":"viny-yoga","status":"publish","type":"page","link":"https:\/\/www.zenetqi.fr\/index.php\/viny-yoga\/","title":{"rendered":"Viny yoga"},"content":{"rendered":"<p>[et_pb_section fb_built=\u00a0\u00bb1&Prime; fullwidth=\u00a0\u00bbon\u00a0\u00bb _builder_version=\u00a0\u00bb4.16&Prime; background_color=\u00a0\u00bb#f2f2f2&Prime; custom_padding=\u00a0\u00bb||100px||false|false\u00a0\u00bb global_colors_info=\u00a0\u00bb{}\u00a0\u00bb][et_pb_fullwidth_post_title meta=\u00a0\u00bboff\u00a0\u00bb featured_image=\u00a0\u00bboff\u00a0\u00bb _builder_version=\u00a0\u00bb4.16&Prime; title_text_align=\u00a0\u00bbcenter\u00a0\u00bb title_font_size=\u00a0\u00bb36px\u00a0\u00bb global_colors_info=\u00a0\u00bb{}\u00a0\u00bb][\/et_pb_fullwidth_post_title][\/et_pb_section][et_pb_section fb_built=\u00a0\u00bb1&Prime; _builder_version=\u00a0\u00bb4.16&Prime; global_colors_info=\u00a0\u00bb{}\u00a0\u00bb][et_pb_row _builder_version=\u00a0\u00bb4.16&Prime; global_colors_info=\u00a0\u00bb{}\u00a0\u00bb][et_pb_column type=\u00a0\u00bb4_4&Prime; _builder_version=\u00a0\u00bb4.16&Prime; global_colors_info=\u00a0\u00bb{}\u00a0\u00bb][et_pb_image src=\u00a0\u00bbhttps:\/\/www.zenetqi.fr\/wp-content\/uploads\/2019\/09\/iconehatha-300&#215;276.png\u00a0\u00bb show_in_lightbox=\u00a0\u00bbon\u00a0\u00bb align=\u00a0\u00bbcenter\u00a0\u00bb _builder_version=\u00a0\u00bb4.16&Prime; global_colors_info=\u00a0\u00bb{}\u00a0\u00bb][\/et_pb_image][et_pb_text _builder_version=\u00a0\u00bb4.16&Prime; text_orientation=\u00a0\u00bbjustified\u00a0\u00bb global_colors_info=\u00a0\u00bb{}\u00a0\u00bb]<\/p>\n<h2><\/h2>\n<h2><\/h2>\n<h2><\/h2>\n<h2><\/h2>\n<h2><\/h2>\n<h2><\/h2>\n<p>30 s\u00e9ances sont pr\u00e9vues cette ann\u00e9e soit 15 euros la s\u00e9ance, 450 euros l&rsquo;ann\u00e9e compl\u00e8te.<br \/>Il n&rsquo;y a pas de s\u00e9ance pendant les vacances scolaires sauf rattrapage de ma part.<br \/>Le calendrier des s\u00e9ances vous sera donn\u00e9 lors de l&rsquo;inscription.<br \/>1\u00e8re s\u00e9ance le jeudi 11 septembre 2025 \u00e0 17h30 ou \u00e0 19h.<\/p>\n<p>Pour les actus de Zen&amp;Qi :<br \/>Rencontre papotage autour du yoga tib\u00e9tain et du hatha yoga mercredi 15 octobre \u00e0 12h45<br \/>Autour d&rsquo;un repas partag\u00e9 o\u00f9 chacun apporte quelque chose \u00e0 grignoter.<\/p>\n<p>2\u00e8me rencontre le dimanche 30 novembre 10h30 Yogas et pranayamas.<\/p>\n<p>&nbsp;<\/p>\n<p><span style=\"font-family: arial, sans-serif; font-size: large;\">En cong\u00e9s <b>jusqu&rsquo;au 3 septembre,<\/b> renseignements sur mon site <a href=\"http:\/\/www.patriciaducamp.fr\" target=\"_blank\" rel=\"noopener\">www.patriciaducamp.fr<\/a> et r\u00e9servations sur <a href=\"http:\/\/www.crenolibre.fr\" target=\"_blank\" rel=\"noopener\">www.crenolibre.fr<\/a>. Inscription aux s\u00e9ances d\u00e9couverte yoga sur crenolibre <br \/>&#8211; Merci-<\/span><\/p>\n<p>&nbsp;<\/p>\n<p>&nbsp;<\/p>\n<h2>Horaires des cours au Cellier :<\/h2>\n<p>Le jeudi \u00e0 17h30 et 19h.<br \/>(Autres cr\u00e9neaux possibles)<br \/>Contactez P.Ducamp pour une s\u00e9ance d\u00e9couverte : 06.31.07.09.44<\/p>\n<h2>Le Yoga signifie en sanskrit se relier, unir.<\/h2>\n<p>Se relier \u00e0 soi-m\u00eame, se centrer, se rassembler, malgr\u00e9 toute l&rsquo;agitation qui nous entoure. Pour ce faire, nous avons \u00e0 notre disposition notre souffle, notre corps, notre esprit. Par la conscience du souffle, gr\u00e2ce \u00e0 des exercices appropri\u00e9s, nous parvenons \u00e0 allonger ce pr\u00e9cieux souffle. Cela a des effets tant sur le plan corporel (calme, d\u00e9tente) que sur le plan psychologique et \u00e9motionnel. Le professeur accompagne, guide, propose dans un constant souci d&rsquo;adaptation et de bienveillance. Le cours comprend un ensemble de postures dites asanas, suivi d&rsquo;une relaxation silencieuse qui a pour but de laisser au corps et \u00e0 l&rsquo;esprit un temps d&rsquo;int\u00e9gration.<\/p>\n<p>[\/et_pb_text][et_pb_image src=\u00a0\u00bbhttps:\/\/www.zenetqi.fr\/wp-content\/uploads\/2019\/09\/khmer.jpg\u00a0\u00bb show_in_lightbox=\u00a0\u00bbon\u00a0\u00bb align=\u00a0\u00bbcenter\u00a0\u00bb _builder_version=\u00a0\u00bb4.16&Prime; global_colors_info=\u00a0\u00bb{}\u00a0\u00bb][\/et_pb_image][et_pb_text _builder_version=\u00a0\u00bb4.16&Prime; text_orientation=\u00a0\u00bbjustified\u00a0\u00bb global_colors_info=\u00a0\u00bb{}\u00a0\u00bb]<\/p>\n<h2>Le professeur Patricia Ducamp :<\/h2>\n<p>J&rsquo;ai rencontr\u00e9 le <strong>yoga \u00e0 l&rsquo;adolescence<\/strong> et je l&rsquo;ai pratiqu\u00e9 aupr\u00e8s de diff\u00e9rents enseignants venant d&rsquo;approches diff\u00e9rentes.  Je me suis form\u00e9e aupr\u00e8s de <strong>Sophie Dreux Le Cren<\/strong> de l&rsquo;\u00e9cole des Pays de la Loire et suis reconnue par l&rsquo;<strong>IFY (Institut Fran\u00e7ais de Yoga)<\/strong>.  Je me suis int\u00e9ress\u00e9e \u00e0 d&rsquo;autres m\u00e9thodes tenant compte de la globalit\u00e9 de l&rsquo;individu avec l&rsquo;hom\u00e9opathie uniciste ou l&rsquo;aromath\u00e9rapie.  Je ne cesse par ailleurs de suivre des stages en <strong>yoga des yeux<\/strong>, <strong>yoga nidra<\/strong>, <strong>auto massage<\/strong> et je suis \u00e9galement praticien en r\u00e9flexologie plantaire.<\/p>\n<p>[\/et_pb_text][et_pb_image src=\u00a0\u00bbhttps:\/\/www.zenetqi.fr\/wp-content\/uploads\/2019\/09\/yoga1.jpg\u00a0\u00bb show_in_lightbox=\u00a0\u00bbon\u00a0\u00bb align=\u00a0\u00bbcenter\u00a0\u00bb _builder_version=\u00a0\u00bb4.16&Prime; global_colors_info=\u00a0\u00bb{}\u00a0\u00bb][\/et_pb_image][et_pb_text _builder_version=\u00a0\u00bb4.16&Prime; text_orientation=\u00a0\u00bbjustified\u00a0\u00bb global_colors_info=\u00a0\u00bb{}\u00a0\u00bb]<\/p>\n<h2>Tarifs \u00e0 l&rsquo;ann\u00e9e :<\/h2>\n<p>&#8211; Cours collectifs : 450 \u20ac pour 30 s\u00e9ances.<br \/>&#8211; Cours individuels : me consulter<\/p>\n<p>Adh\u00e9sion (obligatoire pour valider l&rsquo;inscription) : 20 \u20ac<br \/>Tarifs pr\u00e9f\u00e9rentiels : ch\u00f4meur ou \u00e9tudiant : &#8211; 20%, famille : &#8211; 10%<\/p>\n<p>Premier cours le 11 septembre 2025.<br \/>Contact : patricia.ducamp@gmail.com T\u00e9l. 06.31.07.09.44 .<br \/><a href=\"http:\/\/www.patriciaducamp.fr\" target=\"_blank\" rel=\"noopener noreferrer\">www.patriciaducamp.fr<\/a><\/p>\n<p>[\/et_pb_text][\/et_pb_column][\/et_pb_row][\/et_pb_section]<\/p>\n","protected":false},"excerpt":{"rendered":"<p>30 s\u00e9ances sont pr\u00e9vues cette ann\u00e9e soit 15 euros la s\u00e9ance, 450 euros l&rsquo;ann\u00e9e compl\u00e8te.Il n&rsquo;y a pas de s\u00e9ance pendant les vacances scolaires sauf rattrapage de ma part.Le calendrier des s\u00e9ances vous sera donn\u00e9 lors de l&rsquo;inscription.1\u00e8re s\u00e9ance le jeudi 11 septembre 2025 \u00e0 17h30 ou \u00e0 19h. Pour les actus de Zen&amp;Qi :Rencontre [&hellip;]<\/p>\n","protected":false},"author":1,"featured_media":0,"parent":0,"menu_order":0,"comment_status":"closed","ping_status":"closed","template":"","meta":{"_et_pb_use_builder":"on","_et_pb_old_content":"","_et_gb_content_width":"","footnotes":""},"class_list":["post-1324","page","type-page","status-publish","hentry"],"_links":{"self":[{"href":"https:\/\/www.zenetqi.fr\/index.php\/wp-json\/wp\/v2\/pages\/1324","targetHints":{"allow":["GET"]}}],"collection":[{"href":"https:\/\/www.zenetqi.fr\/index.php\/wp-json\/wp\/v2\/pages"}],"about":[{"href":"https:\/\/www.zenetqi.fr\/index.php\/wp-json\/wp\/v2\/types\/page"}],"author":[{"embeddable":true,"href":"https:\/\/www.zenetqi.fr\/index.php\/wp-json\/wp\/v2\/users\/1"}],"replies":[{"embeddable":true,"href":"https:\/\/www.zenetqi.fr\/index.php\/wp-json\/wp\/v2\/comments?post=1324"}],"version-history":[{"count":18,"href":"https:\/\/www.zenetqi.fr\/index.php\/wp-json\/wp\/v2\/pages\/1324\/revisions"}],"predecessor-version":[{"id":2889,"href":"https:\/\/www.zenetqi.fr\/index.php\/wp-json\/wp\/v2\/pages\/1324\/revisions\/2889"}],"wp:attachment":[{"href":"https:\/\/www.zenetqi.fr\/index.php\/wp-json\/wp\/v2\/media?parent=1324"}],"curies":[{"name":"wp","href":"https:\/\/api.w.org\/{rel}","templated":true}]}}